{"id":19,"date":"2023-04-19T12:29:03","date_gmt":"2023-04-19T12:29:03","guid":{"rendered":"https:\/\/kathrein-scala.com\/?page_id=19"},"modified":"2023-04-19T13:10:19","modified_gmt":"2023-04-19T13:10:19","slug":"fixa-tak-goteborg","status":"publish","type":"page","link":"https:\/\/kathrein-scala.com\/index.php\/fixa-tak-goteborg\/","title":{"rendered":"Hur man blir en takl\u00e4ggare: steg f\u00f6r steg"},"content":{"rendered":"<p>Att bli en takl\u00e4ggare kan vara ett <a href=\"https:\/\/svenska.yle.fi\/a\/7-1444173\">sp\u00e4nnande och givande yrke<\/a>. Som takl\u00e4ggare \u00e4r du ansvarig f\u00f6r att installera, reparera och underh\u00e5lla tak p\u00e5 olika byggnader, s\u00e5som hus, f\u00f6retagsbyggnader och offentliga byggnader. H\u00e4r \u00e4r n\u00e5gra steg som kan hj\u00e4lpa dig att bli en takl\u00e4ggare.<\/p>\n","protected":false},"excerpt":{"rendered":"<p>Att bli en takl\u00e4ggare kan vara ett sp\u00e4nnande och givande yrke. Som takl\u00e4ggare \u00e4r du ansvarig f\u00f6r att installera, reparera och underh\u00e5lla tak p\u00e5 olika byggnader, s\u00e5som hus, f\u00f6retagsbyggnader och offentliga byggnader. H\u00e4r \u00e4r n\u00e5gra steg som kan hj\u00e4lpa dig att bli en takl\u00e4ggare.<\/p>\n","protected":false},"author":1,"featured_media":0,"parent":0,"menu_order":0,"comment_status":"closed","ping_status":"closed","template":"","meta":[],"_links":{"self":[{"href":"https:\/\/kathrein-scala.com\/index.php\/wp-json\/wp\/v2\/pages\/19"}],"collection":[{"href":"https:\/\/kathrein-scala.com\/index.php\/wp-json\/wp\/v2\/pages"}],"about":[{"href":"https:\/\/kathrein-scala.com\/index.php\/wp-json\/wp\/v2\/types\/page"}],"author":[{"embeddable":true,"href":"https:\/\/kathrein-scala.com\/index.php\/wp-json\/wp\/v2\/users\/1"}],"replies":[{"embeddable":true,"href":"https:\/\/kathrein-scala.com\/index.php\/wp-json\/wp\/v2\/comments?post=19"}],"version-history":[{"count":3,"href":"https:\/\/kathrein-scala.com\/index.php\/wp-json\/wp\/v2\/pages\/19\/revisions"}],"predecessor-version":[{"id":23,"href":"https:\/\/kathrein-scala.com\/index.php\/wp-json\/wp\/v2\/pages\/19\/revisions\/23"}],"wp:attachment":[{"href":"https:\/\/kathrein-scala.com\/index.php\/wp-json\/wp\/v2\/media?parent=19"}],"curies":[{"name":"wp","href":"https:\/\/api.w.org\/{rel}","templated":true}]}}